{"id":161,"date":"2017-01-21T15:36:07","date_gmt":"2017-01-21T15:36:07","guid":{"rendered":"http:\/\/s657128088.online.de\/?page_id=161"},"modified":"2025-05-25T06:58:35","modified_gmt":"2025-05-25T06:58:35","slug":"impressum","status":"publish","type":"page","link":"http:\/\/www.schwarzachduo.de\/?page_id=161","title":{"rendered":"Impressum \/ Kontakt"},"content":{"rendered":"<p>Stand 2025<\/p>\n<p>D. Schneider<br \/>Burgstra\u00dfe 18<br \/>93492 Treffelstein<br \/>Telefon 09673 325<br \/>schwarzach-duo@gmx.de<\/p>\n<p>Diese Webseite wird im Gedenken an Franz Schneider weitergef\u00fchrt. Bitte haben Sie Verst\u00e4ndnis, dass keine Kontaktaufnahme gew\u00fcnscht ist. Vielen Dank!<\/p>\n\n\n<p><a href=\"datenschutz-rechtliche-hinweise\/\"> <\/a><a href=\"http:\/\/www.schwarzachduo.de\/?page_id=168\">Datenschutz \/ rechtliche Hinweise  <\/a><\/p>\n\n\n\n<p><\/p>\n","protected":false},"excerpt":{"rendered":"<p>Stand 2025 D. SchneiderBurgstra\u00dfe 1893492 TreffelsteinTelefon 09673 325schwarzach-duo@gmx.de Diese Webseite wird im Gedenken an Franz Schneider weitergef\u00fchrt. Bitte haben Sie Verst\u00e4ndnis, dass keine Kontaktaufnahme gew\u00fcnscht ist. Vielen Dank! Datenschutz \/ rechtliche Hinweise <a class=\"continue-reading-link\" href=\"http:\/\/www.schwarzachduo.de\/?page_id=161\">Continue reading<\/a><\/p>\n","protected":false},"author":1,"featured_media":0,"parent":2,"menu_order":0,"comment_status":"closed","ping_status":"closed","template":"","meta":{"footnotes":""},"class_list":["post-161","page","type-page","status-publish","hentry"],"_links":{"self":[{"href":"http:\/\/www.schwarzachduo.de\/index.php?rest_route=\/wp\/v2\/pages\/161","targetHints":{"allow":["GET"]}}],"collection":[{"href":"http:\/\/www.schwarzachduo.de\/index.php?rest_route=\/wp\/v2\/pages"}],"about":[{"href":"http:\/\/www.schwarzachduo.de\/index.php?rest_route=\/wp\/v2\/types\/page"}],"author":[{"embeddable":true,"href":"http:\/\/www.schwarzachduo.de\/index.php?rest_route=\/wp\/v2\/users\/1"}],"replies":[{"embeddable":true,"href":"http:\/\/www.schwarzachduo.de\/index.php?rest_route=%2Fwp%2Fv2%2Fcomments&post=161"}],"version-history":[{"count":17,"href":"http:\/\/www.schwarzachduo.de\/index.php?rest_route=\/wp\/v2\/pages\/161\/revisions"}],"predecessor-version":[{"id":905,"href":"http:\/\/www.schwarzachduo.de\/index.php?rest_route=\/wp\/v2\/pages\/161\/revisions\/905"}],"up":[{"embeddable":true,"href":"http:\/\/www.schwarzachduo.de\/index.php?rest_route=\/wp\/v2\/pages\/2"}],"wp:attachment":[{"href":"http:\/\/www.schwarzachduo.de\/index.php?rest_route=%2Fwp%2Fv2%2Fmedia&parent=161"}],"curies":[{"name":"wp","href":"https:\/\/api.w.org\/{rel}","templated":true}]}}