{"id":12,"date":"2016-11-23T19:19:08","date_gmt":"2016-11-23T19:19:08","guid":{"rendered":"http:\/\/s657128088.online.de\/?page_id=12"},"modified":"2018-07-24T14:04:38","modified_gmt":"2018-07-24T14:04:38","slug":"unsere-musik","status":"publish","type":"page","link":"http:\/\/www.schwarzachduo.de\/?page_id=12","title":{"rendered":"Unsere Musik"},"content":{"rendered":"<p><img loading=\"lazy\" decoding=\"async\" class=\"alignleft wp-image-767\" src=\"http:\/\/s657128088.online.de\/wp-content\/uploads\/2018\/02\/sd30jahre-sticker.png\" alt=\"\" width=\"180\" height=\"142\" srcset=\"http:\/\/www.schwarzachduo.de\/wp-content\/uploads\/2018\/02\/sd30jahre-sticker.png 213w, http:\/\/www.schwarzachduo.de\/wp-content\/uploads\/2018\/02\/sd30jahre-sticker-150x118.png 150w\" sizes=\"auto, (max-width: 180px) 100vw, 180px\" \/><\/p>\n<h3>2018 ist Jubil\u00e4umsjahr!<\/h3>\n<p>Wir feiern unser 30-j\u00e4hriges B\u00fchnenjubil\u00e4um. Zu diesem Anlass gibt&#8217;s unser frisch erschienenes Album &#8222;Di gibts nur oamoi&#8220;! Am Besten gleich reinh\u00f6ren&#8230;<\/p>\n<p><a href=\"https:\/\/youtu.be\/xzVfShoo7fk\">Zum Youtube-Video<\/a><\/p>\n<p>&nbsp;<\/p>\n<p><img loading=\"lazy\" decoding=\"async\" class=\"wp-image-835 size-wcsmall alignnone\" src=\"http:\/\/www.schwarzachduo.de\/wp-content\/uploads\/2018\/07\/sd-di-gibts-nur-oamoi-250x250.jpg\" alt=\"\" width=\"250\" height=\"250\" srcset=\"http:\/\/www.schwarzachduo.de\/wp-content\/uploads\/2018\/07\/sd-di-gibts-nur-oamoi-250x250.jpg 250w, http:\/\/www.schwarzachduo.de\/wp-content\/uploads\/2018\/07\/sd-di-gibts-nur-oamoi-150x150.jpg 150w, http:\/\/www.schwarzachduo.de\/wp-content\/uploads\/2018\/07\/sd-di-gibts-nur-oamoi-300x300.jpg 300w, http:\/\/www.schwarzachduo.de\/wp-content\/uploads\/2018\/07\/sd-di-gibts-nur-oamoi-768x768.jpg 768w, http:\/\/www.schwarzachduo.de\/wp-content\/uploads\/2018\/07\/sd-di-gibts-nur-oamoi-1024x1024.jpg 1024w, http:\/\/www.schwarzachduo.de\/wp-content\/uploads\/2018\/07\/sd-di-gibts-nur-oamoi-350x350.jpg 350w, http:\/\/www.schwarzachduo.de\/wp-content\/uploads\/2018\/07\/sd-di-gibts-nur-oamoi-48x48.jpg 48w, http:\/\/www.schwarzachduo.de\/wp-content\/uploads\/2018\/07\/sd-di-gibts-nur-oamoi-550x550.jpg 550w, http:\/\/www.schwarzachduo.de\/wp-content\/uploads\/2018\/07\/sd-di-gibts-nur-oamoi-800x800.jpg 800w, http:\/\/www.schwarzachduo.de\/wp-content\/uploads\/2018\/07\/sd-di-gibts-nur-oamoi-180x180.jpg 180w, http:\/\/www.schwarzachduo.de\/wp-content\/uploads\/2018\/07\/sd-di-gibts-nur-oamoi-500x500.jpg 500w, http:\/\/www.schwarzachduo.de\/wp-content\/uploads\/2018\/07\/sd-di-gibts-nur-oamoi.jpg 1200w\" sizes=\"auto, (max-width: 250px) 100vw, 250px\" \/><\/p>\n<h2 id=\"tablepress-1-name\" class=\"tablepress-table-name tablepress-table-name-id-1\">Di gibt's nur oamoi<\/h2>\n<span id=\"tablepress-1-description\" class=\"tablepress-table-description tablepress-table-description-id-1\">Jubil\u00e4ums-CD 30 Jahre Schwarzach Duo<br \/>\n<br \/>\n(erschienen im Juli 2018 bei Tyrolis)<\/span>\n\n<table id=\"tablepress-1\" class=\"tablepress tablepress-id-1\" aria-labelledby=\"tablepress-1-name\" aria-describedby=\"tablepress-1-description\">\n<tbody class=\"row-striping row-hover\">\n<tr class=\"row-1\">\n\t<td class=\"column-1\">Die gibt's nur oamoi<\/td><td class=\"column-2\"><\/td>\n<\/tr>\n<tr class=\"row-2\">\n\t<td class=\"column-1\">Boarisch tanzn<\/td><td class=\"column-2\"><\/td>\n<\/tr>\n<tr class=\"row-3\">\n\t<td class=\"column-1\">Du l\u00e4chelst heute noch so sch\u00f6n<\/td><td class=\"column-2\"><\/td>\n<\/tr>\n<tr class=\"row-4\">\n\t<td class=\"column-1\">Im Himmel ist die H\u00f6lle los<\/td><td class=\"column-2\"><\/td>\n<\/tr>\n<tr class=\"row-5\">\n\t<td class=\"column-1\">Diandl-Zeit<\/td><td class=\"column-2\"><\/td>\n<\/tr>\n<tr class=\"row-6\">\n\t<td class=\"column-1\">Wenn der Herrgott<\/td><td class=\"column-2\"><!--[if lt IE 9]><script>document.createElement('audio');<\/script><![endif]-->\n<audio class=\"wp-audio-shortcode\" id=\"audio-12-1\" preload=\"none\" style=\"width: 100%;\" controls=\"controls\"><source type=\"audio\/mpeg\" src=\"http:\/\/s657128088.online.de\/wp-content\/uploads\/2018\/02\/wenn-der-herrgott__be.mp3?_=1\" \/><a href=\"http:\/\/s657128088.online.de\/wp-content\/uploads\/2018\/02\/wenn-der-herrgott__be.mp3\">http:\/\/s657128088.online.de\/wp-content\/uploads\/2018\/02\/wenn-der-herrgott__be.mp3<\/a><\/audio><\/td>\n<\/tr>\n<tr class=\"row-7\">\n\t<td class=\"column-1\">Und tr\u00e4umen darfst Du auch<\/td><td class=\"column-2\"><audio class=\"wp-audio-shortcode\" id=\"audio-12-2\" preload=\"none\" style=\"width: 100%;\" controls=\"controls\"><source type=\"audio\/mpeg\" src=\"http:\/\/s657128088.online.de\/wp-content\/uploads\/2018\/02\/und-traeumen-darfst-du-auch__be.mp3?_=2\" \/><a href=\"http:\/\/s657128088.online.de\/wp-content\/uploads\/2018\/02\/und-traeumen-darfst-du-auch__be.mp3\">http:\/\/s657128088.online.de\/wp-content\/uploads\/2018\/02\/und-traeumen-darfst-du-auch__be.mp3<\/a><\/audio><\/td>\n<\/tr>\n<tr class=\"row-8\">\n\t<td class=\"column-1\">Wo bist Du<\/td><td class=\"column-2\"><\/td>\n<\/tr>\n<tr class=\"row-9\">\n\t<td class=\"column-1\">Herbstmelodie<\/td><td class=\"column-2\"><\/td>\n<\/tr>\n<tr class=\"row-10\">\n\t<td class=\"column-1\">Du sch\u00f6ne Bayerw\u00e4ldlerin<\/td><td class=\"column-2\"><audio class=\"wp-audio-shortcode\" id=\"audio-12-3\" preload=\"none\" style=\"width: 100%;\" controls=\"controls\"><source type=\"audio\/mpeg\" src=\"http:\/\/s657128088.online.de\/wp-content\/uploads\/2018\/02\/du-schoene-bayerwaeldlerin_be.mp3?_=3\" \/><a href=\"http:\/\/s657128088.online.de\/wp-content\/uploads\/2018\/02\/du-schoene-bayerwaeldlerin_be.mp3\">http:\/\/s657128088.online.de\/wp-content\/uploads\/2018\/02\/du-schoene-bayerwaeldlerin_be.mp3<\/a><\/audio><\/td>\n<\/tr>\n<tr class=\"row-11\">\n\t<td class=\"column-1\">Jademond<\/td><td class=\"column-2\"><\/td>\n<\/tr>\n<\/tbody>\n<\/table>\n<!-- #tablepress-1 from cache -->\n<p><img loading=\"lazy\" decoding=\"async\" class=\"wp-image-143 size-wcsmall alignnone\" src=\"http:\/\/s657128088.online.de\/wp-content\/uploads\/2016\/11\/ich-schenk-dir-tausend-rote-rosen-250x243.jpg\" alt=\"\" width=\"250\" height=\"243\" srcset=\"http:\/\/www.schwarzachduo.de\/wp-content\/uploads\/2016\/11\/ich-schenk-dir-tausend-rote-rosen-250x243.jpg 250w, http:\/\/www.schwarzachduo.de\/wp-content\/uploads\/2016\/11\/ich-schenk-dir-tausend-rote-rosen-150x146.jpg 150w, http:\/\/www.schwarzachduo.de\/wp-content\/uploads\/2016\/11\/ich-schenk-dir-tausend-rote-rosen-48x48.jpg 48w, http:\/\/www.schwarzachduo.de\/wp-content\/uploads\/2016\/11\/ich-schenk-dir-tausend-rote-rosen-185x180.jpg 185w, http:\/\/www.schwarzachduo.de\/wp-content\/uploads\/2016\/11\/ich-schenk-dir-tausend-rote-rosen.jpg 289w\" sizes=\"auto, (max-width: 250px) 100vw, 250px\" \/><\/p>\n<h2 id=\"tablepress-2-name\" class=\"tablepress-table-name tablepress-table-name-id-2\">Ich schenk Dir tausend rote Rosen<\/h2>\n<span id=\"tablepress-2-description\" class=\"tablepress-table-description tablepress-table-description-id-2\">(erschienen im Januar 2001 bei Tyrolis)<\/span>\n\n<table id=\"tablepress-2\" class=\"tablepress tablepress-id-2\" aria-labelledby=\"tablepress-2-name\" aria-describedby=\"tablepress-2-description\">\n<tbody class=\"row-striping row-hover\">\n<tr class=\"row-1\">\n\t<td class=\"column-1\">Vergiss die Sorgen<\/td><td class=\"column-2\"><\/td>\n<\/tr>\n<tr class=\"row-2\">\n\t<td class=\"column-1\">Hey, Du hast mir letzte Nacht den Kopf verdreht<\/td><td class=\"column-2\"><audio class=\"wp-audio-shortcode\" id=\"audio-12-4\" preload=\"none\" style=\"width: 100%;\" controls=\"controls\"><source type=\"audio\/mpeg\" src=\"http:\/\/s657128088.online.de\/wp-content\/uploads\/2017\/04\/Du_hast_mir_letzte_Nacht.mp3?_=4\" \/><a href=\"http:\/\/s657128088.online.de\/wp-content\/uploads\/2017\/04\/Du_hast_mir_letzte_Nacht.mp3\">http:\/\/s657128088.online.de\/wp-content\/uploads\/2017\/04\/Du_hast_mir_letzte_Nacht.mp3<\/a><\/audio><\/td>\n<\/tr>\n<tr class=\"row-3\">\n\t<td class=\"column-1\">Du lachst wie ein Sonnenstrahl<\/td><td class=\"column-2\"><\/td>\n<\/tr>\n<tr class=\"row-4\">\n\t<td class=\"column-1\">Die Sterne tanzen in der Nacht<\/td><td class=\"column-2\"><\/td>\n<\/tr>\n<tr class=\"row-5\">\n\t<td class=\"column-1\">Ewig lockt das Licht der Sehnsucht<\/td><td class=\"column-2\"><\/td>\n<\/tr>\n<tr class=\"row-6\">\n\t<td class=\"column-1\">Frag doch den Wind<\/td><td class=\"column-2\"><\/td>\n<\/tr>\n<tr class=\"row-7\">\n\t<td class=\"column-1\">Ich schenk dir tausend rote Rosen<\/td><td class=\"column-2\"><audio class=\"wp-audio-shortcode\" id=\"audio-12-5\" preload=\"none\" style=\"width: 100%;\" controls=\"controls\"><source type=\"audio\/mpeg\" src=\"http:\/\/s657128088.online.de\/wp-content\/uploads\/2017\/04\/tausend_rote_rosen.mp3?_=5\" \/><a href=\"http:\/\/s657128088.online.de\/wp-content\/uploads\/2017\/04\/tausend_rote_rosen.mp3\">http:\/\/s657128088.online.de\/wp-content\/uploads\/2017\/04\/tausend_rote_rosen.mp3<\/a><\/audio><\/td>\n<\/tr>\n<tr class=\"row-8\">\n\t<td class=\"column-1\">Die Berge tanzen Rock'n Roll<\/td><td class=\"column-2\"><\/td>\n<\/tr>\n<tr class=\"row-9\">\n\t<td class=\"column-1\">Das Haus dort in den Bergen<\/td><td class=\"column-2\"><audio class=\"wp-audio-shortcode\" id=\"audio-12-6\" preload=\"none\" style=\"width: 100%;\" controls=\"controls\"><source type=\"audio\/mpeg\" src=\"http:\/\/s657128088.online.de\/wp-content\/uploads\/2017\/04\/das_haus_dort-1.mp3?_=6\" \/><a href=\"http:\/\/s657128088.online.de\/wp-content\/uploads\/2017\/04\/das_haus_dort-1.mp3\">http:\/\/s657128088.online.de\/wp-content\/uploads\/2017\/04\/das_haus_dort-1.mp3<\/a><\/audio><\/td>\n<\/tr>\n<tr class=\"row-10\">\n\t<td class=\"column-1\">Der Silbermond ist schuld daran<\/td><td class=\"column-2\"><audio class=\"wp-audio-shortcode\" id=\"audio-12-7\" preload=\"none\" style=\"width: 100%;\" controls=\"controls\"><source type=\"audio\/mpeg\" src=\"http:\/\/s657128088.online.de\/wp-content\/uploads\/2017\/04\/Der_Silbermond.mp3?_=7\" \/><a href=\"http:\/\/s657128088.online.de\/wp-content\/uploads\/2017\/04\/Der_Silbermond.mp3\">http:\/\/s657128088.online.de\/wp-content\/uploads\/2017\/04\/Der_Silbermond.mp3<\/a><\/audio><\/td>\n<\/tr>\n<tr class=\"row-11\">\n\t<td class=\"column-1\">Freunde wie wir<\/td><td class=\"column-2\"><audio class=\"wp-audio-shortcode\" id=\"audio-12-8\" preload=\"none\" style=\"width: 100%;\" controls=\"controls\"><source type=\"audio\/mpeg\" src=\"http:\/\/s657128088.online.de\/wp-content\/uploads\/2017\/04\/Freunde_wie_wir.mp3?_=8\" \/><a href=\"http:\/\/s657128088.online.de\/wp-content\/uploads\/2017\/04\/Freunde_wie_wir.mp3\">http:\/\/s657128088.online.de\/wp-content\/uploads\/2017\/04\/Freunde_wie_wir.mp3<\/a><\/audio><\/td>\n<\/tr>\n<tr class=\"row-12\">\n\t<td class=\"column-1\">Tausend Tr\u00e4ume, tausend K\u00fcsse<\/td><td class=\"column-2\"><audio class=\"wp-audio-shortcode\" id=\"audio-12-9\" preload=\"none\" style=\"width: 100%;\" controls=\"controls\"><source type=\"audio\/mpeg\" src=\"http:\/\/s657128088.online.de\/wp-content\/uploads\/2017\/04\/tausend_traeume_tausend_kuesse.mp3?_=9\" \/><a href=\"http:\/\/s657128088.online.de\/wp-content\/uploads\/2017\/04\/tausend_traeume_tausend_kuesse.mp3\">http:\/\/s657128088.online.de\/wp-content\/uploads\/2017\/04\/tausend_traeume_tausend_kuesse.mp3<\/a><\/audio><\/td>\n<\/tr>\n<\/tbody>\n<\/table>\n<!-- #tablepress-2 from cache -->\n<p><img loading=\"lazy\" decoding=\"async\" class=\"wp-image-142 size-wcsmall alignnone\" src=\"http:\/\/s657128088.online.de\/wp-content\/uploads\/2016\/11\/die-bruecke-ins-ewige-licht-250x243.jpg\" alt=\"\" width=\"250\" height=\"243\" srcset=\"http:\/\/www.schwarzachduo.de\/wp-content\/uploads\/2016\/11\/die-bruecke-ins-ewige-licht-250x243.jpg 250w, http:\/\/www.schwarzachduo.de\/wp-content\/uploads\/2016\/11\/die-bruecke-ins-ewige-licht-150x146.jpg 150w, http:\/\/www.schwarzachduo.de\/wp-content\/uploads\/2016\/11\/die-bruecke-ins-ewige-licht-48x48.jpg 48w, http:\/\/www.schwarzachduo.de\/wp-content\/uploads\/2016\/11\/die-bruecke-ins-ewige-licht-185x180.jpg 185w, http:\/\/www.schwarzachduo.de\/wp-content\/uploads\/2016\/11\/die-bruecke-ins-ewige-licht.jpg 291w\" sizes=\"auto, (max-width: 250px) 100vw, 250px\" \/><h2 id=\"tablepress-3-name\" class=\"tablepress-table-name tablepress-table-name-id-3\">Die Br\u00fccke ins ewige Licht<\/h2>\n<span id=\"tablepress-3-description\" class=\"tablepress-table-description tablepress-table-description-id-3\">(erschienen im August 1997 bei Tyrolis)<\/span>\n\n<table id=\"tablepress-3\" class=\"tablepress tablepress-id-3\" aria-labelledby=\"tablepress-3-name\" aria-describedby=\"tablepress-3-description\">\n<tbody class=\"row-striping row-hover\">\n<tr class=\"row-1\">\n\t<td class=\"column-1\">Drum mach mal Urlaub im Bayerwald<\/td><td class=\"column-2\"><audio class=\"wp-audio-shortcode\" id=\"audio-12-10\" preload=\"none\" style=\"width: 100%;\" controls=\"controls\"><source type=\"audio\/mpeg\" src=\"http:\/\/s657128088.online.de\/wp-content\/uploads\/2017\/04\/Drum_mach_mal_Urlaub_im_Bayerwald.mp3?_=10\" \/><a href=\"http:\/\/s657128088.online.de\/wp-content\/uploads\/2017\/04\/Drum_mach_mal_Urlaub_im_Bayerwald.mp3\">http:\/\/s657128088.online.de\/wp-content\/uploads\/2017\/04\/Drum_mach_mal_Urlaub_im_Bayerwald.mp3<\/a><\/audio><\/td>\n<\/tr>\n<tr class=\"row-2\">\n\t<td class=\"column-1\">Cindy l\u00e4sst dich gr\u00fc\u00dfen<\/td><td class=\"column-2\"><\/td>\n<\/tr>\n<tr class=\"row-3\">\n\t<td class=\"column-1\">Der Glaube war st\u00e4rker<\/td><td class=\"column-2\"><\/td>\n<\/tr>\n<tr class=\"row-4\">\n\t<td class=\"column-1\">Das Dreil\u00e4ndereck<\/td><td class=\"column-2\"><\/td>\n<\/tr>\n<tr class=\"row-5\">\n\t<td class=\"column-1\">Tausend Tr\u00e4ume<\/td><td class=\"column-2\"><audio class=\"wp-audio-shortcode\" id=\"audio-12-11\" preload=\"none\" style=\"width: 100%;\" controls=\"controls\"><source type=\"audio\/mpeg\" src=\"http:\/\/s657128088.online.de\/wp-content\/uploads\/2017\/04\/Tausend_Traeume.mp3?_=11\" \/><a href=\"http:\/\/s657128088.online.de\/wp-content\/uploads\/2017\/04\/Tausend_Traeume.mp3\">http:\/\/s657128088.online.de\/wp-content\/uploads\/2017\/04\/Tausend_Traeume.mp3<\/a><\/audio><\/td>\n<\/tr>\n<tr class=\"row-6\">\n\t<td class=\"column-1\">Gr\u00fc\u00dfe aus der Heimat<\/td><td class=\"column-2\"><\/td>\n<\/tr>\n<tr class=\"row-7\">\n\t<td class=\"column-1\">Die Br\u00fccke ins ewige Licht<\/td><td class=\"column-2\"><audio class=\"wp-audio-shortcode\" id=\"audio-12-12\" preload=\"none\" style=\"width: 100%;\" controls=\"controls\"><source type=\"audio\/mpeg\" src=\"http:\/\/s657128088.online.de\/wp-content\/uploads\/2017\/04\/Die_Bruecke_ins_ewige_Licht-1.mp3?_=12\" \/><a href=\"http:\/\/s657128088.online.de\/wp-content\/uploads\/2017\/04\/Die_Bruecke_ins_ewige_Licht-1.mp3\">http:\/\/s657128088.online.de\/wp-content\/uploads\/2017\/04\/Die_Bruecke_ins_ewige_Licht-1.mp3<\/a><\/audio><\/td>\n<\/tr>\n<tr class=\"row-8\">\n\t<td class=\"column-1\">Das z\u00e4rtlichste Schweigen der Welt<\/td><td class=\"column-2\"><\/td>\n<\/tr>\n<tr class=\"row-9\">\n\t<td class=\"column-1\">Ja das ist uns're Heimat<\/td><td class=\"column-2\"><audio class=\"wp-audio-shortcode\" id=\"audio-12-13\" preload=\"none\" style=\"width: 100%;\" controls=\"controls\"><source type=\"audio\/mpeg\" src=\"http:\/\/s657128088.online.de\/wp-content\/uploads\/2017\/04\/ja_das_-ist_unsere_heimat.mp3?_=13\" \/><a href=\"http:\/\/s657128088.online.de\/wp-content\/uploads\/2017\/04\/ja_das_-ist_unsere_heimat.mp3\">http:\/\/s657128088.online.de\/wp-content\/uploads\/2017\/04\/ja_das_-ist_unsere_heimat.mp3<\/a><\/audio><\/td>\n<\/tr>\n<tr class=\"row-10\">\n\t<td class=\"column-1\">Das M\u00e4dchen vom Bayerwald<\/td><td class=\"column-2\"><\/td>\n<\/tr>\n<tr class=\"row-11\">\n\t<td class=\"column-1\">F\u00fcr Verliebte tr\u00e4gt der Himmel gold'ne Sterne<\/td><td class=\"column-2\"><\/td>\n<\/tr>\n<tr class=\"row-12\">\n\t<td class=\"column-1\">Nur gute Nacht w\u00e4r nicht genug<\/td><td class=\"column-2\"><audio class=\"wp-audio-shortcode\" id=\"audio-12-14\" preload=\"none\" style=\"width: 100%;\" controls=\"controls\"><source type=\"audio\/mpeg\" src=\"http:\/\/s657128088.online.de\/wp-content\/uploads\/2017\/04\/Nur_gute_nacht.mp3?_=14\" \/><a href=\"http:\/\/s657128088.online.de\/wp-content\/uploads\/2017\/04\/Nur_gute_nacht.mp3\">http:\/\/s657128088.online.de\/wp-content\/uploads\/2017\/04\/Nur_gute_nacht.mp3<\/a><\/audio><\/td>\n<\/tr>\n<\/tbody>\n<\/table>\n<!-- #tablepress-3 from cache --><\/p>\n","protected":false},"excerpt":{"rendered":"<p>2018 ist Jubil\u00e4umsjahr! Wir feiern unser 30-j\u00e4hriges B\u00fchnenjubil\u00e4um. Zu diesem Anlass gibt&#8217;s unser frisch erschienenes Album &#8222;Di gibts nur oamoi&#8220;! Am Besten gleich reinh\u00f6ren&#8230; Zum Youtube-Video &nbsp; <a class=\"continue-reading-link\" href=\"http:\/\/www.schwarzachduo.de\/?page_id=12\">Continue reading<\/a><\/p>\n","protected":false},"author":1,"featured_media":0,"parent":2,"menu_order":0,"comment_status":"closed","ping_status":"closed","template":"","meta":{"footnotes":""},"class_list":["post-12","page","type-page","status-publish","hentry"],"_links":{"self":[{"href":"http:\/\/www.schwarzachduo.de\/index.php?rest_route=\/wp\/v2\/pages\/12","targetHints":{"allow":["GET"]}}],"collection":[{"href":"http:\/\/www.schwarzachduo.de\/index.php?rest_route=\/wp\/v2\/pages"}],"about":[{"href":"http:\/\/www.schwarzachduo.de\/index.php?rest_route=\/wp\/v2\/types\/page"}],"author":[{"embeddable":true,"href":"http:\/\/www.schwarzachduo.de\/index.php?rest_route=\/wp\/v2\/users\/1"}],"replies":[{"embeddable":true,"href":"http:\/\/www.schwarzachduo.de\/index.php?rest_route=%2Fwp%2Fv2%2Fcomments&post=12"}],"version-history":[{"count":38,"href":"http:\/\/www.schwarzachduo.de\/index.php?rest_route=\/wp\/v2\/pages\/12\/revisions"}],"predecessor-version":[{"id":843,"href":"http:\/\/www.schwarzachduo.de\/index.php?rest_route=\/wp\/v2\/pages\/12\/revisions\/843"}],"up":[{"embeddable":true,"href":"http:\/\/www.schwarzachduo.de\/index.php?rest_route=\/wp\/v2\/pages\/2"}],"wp:attachment":[{"href":"http:\/\/www.schwarzachduo.de\/index.php?rest_route=%2Fwp%2Fv2%2Fmedia&parent=12"}],"curies":[{"name":"wp","href":"https:\/\/api.w.org\/{rel}","templated":true}]}}